{"id":103,"date":"2017-01-17T12:18:31","date_gmt":"2017-01-17T12:18:31","guid":{"rendered":"http:\/\/wp1.themexlab.com\/newwp\/industrypress\/?page_id=103"},"modified":"2024-05-05T15:21:49","modified_gmt":"2024-05-05T12:21:49","slug":"solutions","status":"publish","type":"page","link":"https:\/\/www.clpmetal.com.tr\/index.php\/solutions\/","title":{"rendered":"H\u0130ZMETLER\u0130M\u0130Z"},"content":{"rendered":"<section class=\"kc-elm kc-css-394901 kc_row\"><div class=\"kc-row-container  kc-container\"><div class=\"kc-wrap-columns\"><div class=\"kc-elm kc-css-330045 kc_col-sm-12 kc_column kc_col-sm-12\"><div class=\"kc-col-container\"> \r\n\r\n<!--Start services area-->\r\n<section class=\"services-area \">\r\n    <div class=\"container\">\r\n                <div class=\"row\">\r\n                        <!--Start single service item-->\r\n            <div class=\"col-md-4 col-sm-4 col-xs-12\">\r\n                <div class=\"single-service-item\">\r\n                    <div class=\"img-holder\">\r\n                        <img loading=\"lazy\" decoding=\"async\" width=\"370\" height=\"200\" src=\"https:\/\/www.clpmetal.com.tr\/wp-content\/uploads\/2022\/12\/clp-metal-lazer-kesim-6-370x200.jpg\" class=\"attachment-industrypress_370x200 size-industrypress_370x200 wp-post-image\" alt=\"\" \/>                        <div class=\"overlay\">\r\n                            <div class=\"box\">\r\n                                <div class=\"content\">\r\n                                    <a class=\"thm-btn yellow-bg\" href=\"https:\/\/www.clpmetal.com.tr\/index.php\/lazer-kesim\/\">Read More<\/a>\r\n                                <\/div>\r\n                            <\/div>\r\n                        <\/div>\r\n                    <\/div>\r\n                    <div class=\"text-holder\">\r\n                        <div class=\"icon\">\r\n                            <span class=\"flaticon-science\"><\/span>    \r\n                        <\/div>\r\n                        <div class=\"text\">\r\n                            <h3><a href=\"https:\/\/www.clpmetal.com.tr\/index.php\/lazer-kesim\/\">LAZER KES\u0130M<\/a><\/h3>\r\n                            <p>End\u00fcstriyel lazer kesiciler d\u00fcz levha \u015feklindeki malzemelerin yan\u0131nda boru ...<\/p>\r\n                        <\/div>\r\n                    <\/div>    \r\n                <\/div>\r\n            <\/div>\r\n            <!--End single service item-->\r\n                        <!--Start single service item-->\r\n            <div class=\"col-md-4 col-sm-4 col-xs-12\">\r\n                <div class=\"single-service-item\">\r\n                    <div class=\"img-holder\">\r\n                        <img loading=\"lazy\" decoding=\"async\" width=\"370\" height=\"200\" src=\"https:\/\/www.clpmetal.com.tr\/wp-content\/uploads\/2017\/01\/PlasmaVLaser-370x200.jpeg\" class=\"attachment-industrypress_370x200 size-industrypress_370x200 wp-post-image\" alt=\"\" \/>                        <div class=\"overlay\">\r\n                            <div class=\"box\">\r\n                                <div class=\"content\">\r\n                                    <a class=\"thm-btn yellow-bg\" href=\"https:\/\/www.clpmetal.com.tr\/index.php\/plazma-kesim\/\">Read More<\/a>\r\n                                <\/div>\r\n                            <\/div>\r\n                        <\/div>\r\n                    <\/div>\r\n                    <div class=\"text-holder\">\r\n                        <div class=\"icon\">\r\n                            <span class=\"flaticon-engineer\"><\/span>    \r\n                        <\/div>\r\n                        <div class=\"text\">\r\n                            <h3><a href=\"https:\/\/www.clpmetal.com.tr\/index.php\/plazma-kesim\/\">PLAZMA KES\u0130M<\/a><\/h3>\r\n                            <p>Lorem ipsum dolor sit amet, consectetur adipiscing elit, sed ...<\/p>\r\n                        <\/div>\r\n                    <\/div>    \r\n                <\/div>\r\n            <\/div>\r\n            <!--End single service item-->\r\n                        <!--Start single service item-->\r\n            <div class=\"col-md-4 col-sm-4 col-xs-12\">\r\n                <div class=\"single-service-item\">\r\n                    <div class=\"img-holder\">\r\n                        <img loading=\"lazy\" decoding=\"async\" width=\"370\" height=\"200\" src=\"https:\/\/www.clpmetal.com.tr\/wp-content\/uploads\/2022\/12\/clp-metal-lazer-kesim-3-370x200.webp\" class=\"attachment-industrypress_370x200 size-industrypress_370x200 wp-post-image\" alt=\"\" \/>                        <div class=\"overlay\">\r\n                            <div class=\"box\">\r\n                                <div class=\"content\">\r\n                                    <a class=\"thm-btn yellow-bg\" href=\"https:\/\/www.clpmetal.com.tr\/index.php\/muhendislik-hizmetleri\/\">Read More<\/a>\r\n                                <\/div>\r\n                            <\/div>\r\n                        <\/div>\r\n                    <\/div>\r\n                    <div class=\"text-holder\">\r\n                        <div class=\"icon\">\r\n                            <span class=\"flaticon-medal\"><\/span>    \r\n                        <\/div>\r\n                        <div class=\"text\">\r\n                            <h3><a href=\"https:\/\/www.clpmetal.com.tr\/index.php\/muhendislik-hizmetleri\/\">M\u00dcHEND\u0130SL\u0130K H\u0130ZMETLER\u0130<\/a><\/h3>\r\n                            <p>Lorem ipsum dolor sit amet, consectetur adipiscing elit, sed ...<\/p>\r\n                        <\/div>\r\n                    <\/div>    \r\n                <\/div>\r\n            <\/div>\r\n            <!--End single service item-->\r\n                        <!--Start single service item-->\r\n            <div class=\"col-md-4 col-sm-4 col-xs-12\">\r\n                <div class=\"single-service-item\">\r\n                    <div class=\"img-holder\">\r\n                        <img loading=\"lazy\" decoding=\"async\" width=\"370\" height=\"200\" src=\"https:\/\/www.clpmetal.com.tr\/wp-content\/uploads\/2022\/12\/clp-metal-abkant-f-370x200.jpg\" class=\"attachment-industrypress_370x200 size-industrypress_370x200 wp-post-image\" alt=\"\" \/>                        <div class=\"overlay\">\r\n                            <div class=\"box\">\r\n                                <div class=\"content\">\r\n                                    <a class=\"thm-btn yellow-bg\" href=\"https:\/\/www.clpmetal.com.tr\/index.php\/abkant-bukum\/\">Read More<\/a>\r\n                                <\/div>\r\n                            <\/div>\r\n                        <\/div>\r\n                    <\/div>\r\n                    <div class=\"text-holder\">\r\n                        <div class=\"icon\">\r\n                            <span class=\"flaticon-nature-1\"><\/span>    \r\n                        <\/div>\r\n                        <div class=\"text\">\r\n                            <h3><a href=\"https:\/\/www.clpmetal.com.tr\/index.php\/abkant-bukum\/\">ABKANT B\u00dcK\u00dcM<\/a><\/h3>\r\n                            <p>Lorem ipsum dolor sit amet, consectetur adipiscing elit, sed ...<\/p>\r\n                        <\/div>\r\n                    <\/div>    \r\n                <\/div>\r\n            <\/div>\r\n            <!--End single service item-->\r\n                        <!--Start single service item-->\r\n            <div class=\"col-md-4 col-sm-4 col-xs-12\">\r\n                <div class=\"single-service-item\">\r\n                    <div class=\"img-holder\">\r\n                        <img loading=\"lazy\" decoding=\"async\" width=\"370\" height=\"200\" src=\"https:\/\/www.clpmetal.com.tr\/wp-content\/uploads\/2017\/01\/solution-v1-2-370x200.jpg\" class=\"attachment-industrypress_370x200 size-industrypress_370x200 wp-post-image\" alt=\"\" \/>                        <div class=\"overlay\">\r\n                            <div class=\"box\">\r\n                                <div class=\"content\">\r\n                                    <a class=\"thm-btn yellow-bg\" href=\"https:\/\/www.clpmetal.com.tr\/index.php\/kalip-tasarimi\/\">Read More<\/a>\r\n                                <\/div>\r\n                            <\/div>\r\n                        <\/div>\r\n                    <\/div>\r\n                    <div class=\"text-holder\">\r\n                        <div class=\"icon\">\r\n                            <span class=\"flaticon-tool\"><\/span>    \r\n                        <\/div>\r\n                        <div class=\"text\">\r\n                            <h3><a href=\"https:\/\/www.clpmetal.com.tr\/index.php\/kalip-tasarimi\/\">KALIP TASARIM<\/a><\/h3>\r\n                            <p>Lorem ipsum dolor sit amet, consectetur adipiscing elit, sed ...<\/p>\r\n                        <\/div>\r\n                    <\/div>    \r\n                <\/div>\r\n            <\/div>\r\n            <!--End single service item-->\r\n                    <\/div>\r\n    <\/div>\r\n<\/section>      \r\n<!--End services area-->\r\n\r\n<\/div><\/div><\/div><\/div><\/section>\n","protected":false},"excerpt":{"rendered":"","protected":false},"author":1,"featured_media":0,"parent":0,"menu_order":0,"comment_status":"closed","ping_status":"closed","template":"tpl-king_composer.php","meta":{"footnotes":""},"class_list":["post-103","page","type-page","status-publish","hentry"],"_links":{"self":[{"href":"https:\/\/www.clpmetal.com.tr\/index.php\/wp-json\/wp\/v2\/pages\/103","targetHints":{"allow":["GET"]}}],"collection":[{"href":"https:\/\/www.clpmetal.com.tr\/index.php\/wp-json\/wp\/v2\/pages"}],"about":[{"href":"https:\/\/www.clpmetal.com.tr\/index.php\/wp-json\/wp\/v2\/types\/page"}],"author":[{"embeddable":true,"href":"https:\/\/www.clpmetal.com.tr\/index.php\/wp-json\/wp\/v2\/users\/1"}],"replies":[{"embeddable":true,"href":"https:\/\/www.clpmetal.com.tr\/index.php\/wp-json\/wp\/v2\/comments?post=103"}],"version-history":[{"count":1,"href":"https:\/\/www.clpmetal.com.tr\/index.php\/wp-json\/wp\/v2\/pages\/103\/revisions"}],"predecessor-version":[{"id":660,"href":"https:\/\/www.clpmetal.com.tr\/index.php\/wp-json\/wp\/v2\/pages\/103\/revisions\/660"}],"wp:attachment":[{"href":"https:\/\/www.clpmetal.com.tr\/index.php\/wp-json\/wp\/v2\/media?parent=103"}],"curies":[{"name":"wp","href":"https:\/\/api.w.org\/{rel}","templated":true}]}}